(-39) a composite number?
True
Let c = -82 + 193. Let d be (c/6)/(-1)*-2. Suppose 168 - d = q. Is q composite?
False
Let o = 3988 + 741. Is o a composite number?
False
Let q(m) be the second derivative of 19*m**5/60 - m**4/4 - 2*m**3/3 + m**2 + 8*m. Let y(u) be the first derivative of q(u). Is y(3) a composite number?
False
Suppose -10*r = 2*f - 2428414, -4*r + 3*f = -0*r - 971377. Is r prime?
False
Let i(y) = 2*y**2 - 27*y - 24. Let p be i(14). Is -6 - (10484/p + 120/(-200)) prime?
False
Suppose 5*s = -5*j + 487550, 143*j - 5 = 142*j. Is s a composite number?
True
Is 16558 + -2 + -2 + (-17 - -10) prime?
True
Let f(g) = 14555*g + 1958. Is f(13) composite?
False
Let g(r) = -6 + 206*r - 8*r**2 - 210*r + 5*r**3 + 8. Is g(5) composite?
True
Let y(r) = 700*r**2 - 93*r - 635. Is y(26) prime?
False
Let b(j) = 94*j - 86. Let o be b(5). Suppose -30054 = -o*h + 382*h. Is h composite?
True
Let p = 9 + -7. Is (14/42)/(p - 86793/43398) composite?
True
Let q be 34/12 - (-16)/96. Suppose 4*k - 3*i = 31471, -3 = q*i - 0. Let b = -4080 + k. Is b prime?
False
Let k(v) = -11416*v - 1141. Is k(-3) a composite number?
False
Suppose 0 = -13*c + 15930 + 24058. Suppose -4*t - 5*r + 6162 = -3*r, 0 = 2*t + 2*r - c. Is t composite?
False
Suppose 154988 = 2*g - 21434. Is g a composite number?
False
Let z(s) = 220*s**2 + 72*s - 25. Let d(x) = 73*x**2 + 24*x - 9. Let q(k) = -11*d(k) + 4*z(k). Is q(2) prime?
False
Let s(h) = h**2 + h - 3. Let b be s(0). Let j(m) = 614*m + 5. Let x(f) = 1843*f + 19. Let y(v) = -19*j(v) + 6*x(v). Is y(b) composite?
True
Suppose 5*n + 5*b - 279468 = 297642, -4*n + 4*b = -461680. Is n a prime number?
True
Suppose 3*g + 32 = 4*d, 2*g - 7*g = 0. Let v be (-6)/d - 54/(-8). Suppose v*t - 2445 = 189. Is t composite?
False
Let u be (-9)/72 + 315972/32. Suppose -4*k = -12450 - u. Is k composite?
False
Suppose 22278607 = -450*z + 188990557. Is z a prime number?
True
Let z = 90 - 86. Suppose z*t = -0*t - k + 539, -274 = -2*t + 4*k. Suppose -3*c - t = -3*n, -3*n + 2*c + 81 + 52 = 0. Is n a composite number?
False
Let l be 1/(-3) + (-95)/(-15). Is (-12214)/(-10) + l/(-15) + -2 composite?
True
Let b be (1 + (-2 - -37))*2/4. Let x be 2/(-6) + (-4694)/b*-3. Suppose 14*o + x = 16*o. Is o a prime number?
False
Suppose 47*y = 58*y - 374. Suppose -y*b + 33*b = -479. Is b prime?
True
Suppose 45*r - 8*r = -17*r. Suppose -185*q + 179*q + 27204 = r. Is q a composite number?
True
Let t = -36280 + 50813. Is t composite?
False
Let g(f) = -13432*f + 26 + 15 + 13429*f + 167*f**2. Is g(5) composite?
False
Is -7 - 0 - (5049/6)/((-27)/11952) a composite number?
False
Let s(t) = -3*t**3 + 10*t**2 - 6*t - 3. Let a be s(3). Let x(g) = -10*g - 12*g + 4 + g**2 + 1. Is x(a) a prime number?
False
Let n(t) = 54499*t**2 - 8*t + 26. Is n(3) a composite number?
False
Suppose 5*a - 2*y = -7*y - 6225, -5*a + 5*y = 6255. Let m = 111 + a. Is 1/(-3)*(m - 0) composite?
False
Suppose -2*c = -3*r + 15788, 0 = -5*c - 14 + 39. Suppose -r = -25*d - 1341. Is d composite?
False
Let s(p) be the first derivative of 1244*p**3/3 + 18*p**2 + 7*p - 201. Is s(3) composite?
False
Let a = 28 - 4. Let x = a + -39. Is x*(137/(-3) + -4) a composite number?
True
Let x(f) = 34783*f**2 + 65*f - 367. Is x(6) prime?
True
Suppose 0 = -5*l + 3*x, -9*l + 6*l + 5*x = 0. Suppose -10*i + 48092 + 78 = l. Is i prime?
True
Let h(b) be the first derivative of b**4/4 + b**3/3 + 1523*b - 71. Is h(0) prime?
True
Suppose -3023*a - 32986 = -i - 3024*a, i - a - 32992 = 0. Is i a prime number?
False
Let h be (276 + -2)*2961/14. Is 5 - (h + 1)/(-8) a composite number?
True
Let a(c) = 55*c**3 - 5*c**2 + 12*c - 5. Let v be a(5). Suppose y = -10*p + 8*p + v, -y = -5*p - 6805. Is y composite?
True
Suppose -50998 - 10714 = -29*t. Let w = t - 1459. Is w prime?
False
Suppose 10*h = 7*h + 15, -2*m - 5*h = -2819. Is m a prime number?
False
Let g = 7 - 6. Let n(c) be the third derivative of 2417*c**6/60 - c**4/24 + c**3/3 + 81*c**2. Is n(g) a composite number?
True
Suppose 114142 = 5*m - 3*m - 444856. Is m prime?
False
Suppose -45371493 = -63*n + 15236586. Is n prime?
True
Let h be (-448628)/38 - 9/(-1). Let k = 39302 + h. Is k a composite number?
True
Let k = -408633 + 584264. Is k composite?
False
Let g(u) = 514*u + 1. Let o be (-1)/7 - (5 - (-399)/(-49)). Is g(o) a composite number?
False
Suppose 4*f - 17 = x, -f + 16 = -4*x + 23. Suppose x*m + j - 20024 = 230991, m - 5*j - 83661 = 0. Is m prime?
False
Let r(a) = -87*a + 437137. Is r(0) a prime number?
True
Is ((-5)/175 - 6/(-14))/(68/9798290) a prime number?
True
Let l be 9 - 0 - 60/15. Let i be 2/7 + (-72)/7. Is -2*1/l*60925/i a prime number?
True
Suppose -3*g + 68 = -5*y, 3*y = 8*y - 2*g + 72. Let t be 5/80*6 + 4886/y. Let z = 748 + t. Is z a composite number?
False
Suppose 17 = -5*j + 67. Let v be 68/(-10) + -4 + (-2)/j. Let u(d) = 6*d**2 + 5*d + 35. Is u(v) prime?
False
Suppose 3*i - 5*i - 5*u = -3, 23 = 5*i - 3*u. Let f(a) = -a**3 + 5*a**2 + 2*a - 13. Let l be f(2). Is (51/i)/((63/56)/l) prime?
False
Let y = 4 + 8. Let k = 30 - y. Let z = k - -289. Is z prime?
True
Suppose 19*o - 21*o + 3*a + 12 = 0, -28 = -2*o - a. Suppose -5*w = -0*z - 2*z + 1391, -4*w + o = 0. Is z a composite number?
True
Let y = 51376 - 22343. Let x = -8507 + y. Is (-4)/(-6) - x/(-18) a prime number?
False
Suppose 12 = 4*t, -6*i + i - 5*t + 1497730 = 0. Is i a composite number?
True
Is (27070/(-8))/((-95)/76) composite?
False
Let t = 58757 + -37446. Is t composite?
True
Let i(h) = -12*h + 9. Let a be i(-3). Is 3/(a/(-6)) + 4460/25 prime?
False
Let r(d) = d**3 + 7*d**2 + 3*d - 2. Let l be r(-6). Suppose 0 = 4*k - l*k + 372. Suppose k = 4*p - 1165. Is p a composite number?
True
Is (-173)/((-6)/(4 + 4250)) prime?
False
Suppose -15*b + 22 = -4*b. Suppose 3033 = -4*q - b*a + 9147, -a + 7650 = 5*q. Is q/3 + 36/54 a composite number?
True
Let r = -171 + 276. Suppose -21*h - r = -16*h. Let c(s) = -15*s + 2. Is c(h) a prime number?
True
Let t(n) = 888*n + 6829. Let s be t(-6). Suppose 2*c + 3*a = 3*c - 8, -c - 5*a = 0. Suppose 0 = 2*b + 2*o + o - s, o = c. Is b composite?
False
Let i(x) = 1056*x + 1475. Is i(34) a composite number?
False
Let k be (8/6)/(2/24). Suppose 3*n + 2*i + 3*i - k = 0, 3*n - i = 22. Suppose -n*y - 1496 + 3799 = 0. Is y composite?
True
Is (-2)/4 + 5 + 18368857/26 a composite number?
False
Let c be (-16 - 0/(-4))*1. Is 6 - c/8 - -13611 a composite number?
False
Let w(r) be the third derivative of 37*r**4/24 + 29*r**3/6 + 10*r**2. Let h(u) = -u**2 + 17*u - 46. Let i be h(13). Is w(i) a composite number?
False
Suppose -23*v - 64 = -21*v. Let p = 921 + v. Is p a prime number?
False
Suppose -248*x - 9 = -251*x. Is (-1059)/(42/(-56)*(x + -1)) prime?
False
Let o(z) = -647*z + 12. Let g be -1 - ((-186)/(-4))/(17/34). Let p = 92 + g. Is o(p) a prime number?
False
Suppose 380094 + 649212 = 3*a. Suppose 30*u = -27232 + a. Is u prime?
True
Suppose 4*b + 2*j = -7 - 3, -5*j + 1 = -3*b. Let f be ((-12607)/(-4))/((-1)/4). Is (3 + b)/((-7)/f) prime?
True
Suppose 0 = 22*s - 24*s - 12. Let m(w) = -1143*w - 53. Is m(s) prime?
False
Let z(d) = -68*d**3 - 4*d**2 - 20*d + 9. Is z(-14) prime?
True
Is 3/(-8)*(-55543520)/1230 a composite number?
True
Suppose 229*a - 216*a - 1445093 = 0. Is a a prime number?
False
Suppose 30*f - 26*f + 65*f - 23375337 = 0. Is f a composite number?
False
Let c = -36 + 42. Let t(r) = 3*r + 19 + 38*r**2 - 12*r**2 + r - c*r. Is t(6) a composite number?
True
Let a be (-12)/2*1320/(-270)*-3. Let v = a + 162. Is v a prime number?
False
Let x(u) be the third derivative of 4973*u**5/20 - u**4/8 - u**3/6 + 226*u**2. Is x(-1) a composite number?
True
Let d(s) be the third derivative of 4*s**6/15 + s**5/20 - s**4/4 + 2*s**3 - 3*s**2 + 13*s. Is d(7) a prime number?
True
Let b = 44 + -31. Suppose 6350 = -b*t + 42451. Is t composite?
False
Let g(d) = -2*d**3 + 280*d**2 + 35*d + 9. Is g(-34) prime?
False
Suppose -2*p - 5*a + 6113 = -5*p, -p = -3*a + 2031. Suppose 1053 = -10*s - 1937. Let v = s - p. Is v a composite number?
False
Let s(r) = 107*r**3 - 3*r**2 + 10*r - 1. Is s(9) a prime number?
True
Suppose 3*q + 29763 - 153658 = -2*u, -q + 41301 = 2*u. Let f = q - 27990. Is f a composite number?
True
Suppose -8*b + 49470 = -25*b. Let x = -1628 - b. Suppose -38*k + 36*k = -x. Is k a prime number?
True
L